greatest common factor of 447 and 2658?
3
What is the highest common factor of 443 and 443?
443
Calculate the highest common factor of 5973358 and 68.
34
Calculate the highest common factor of 1233 and 5139.
9
What is the highest common factor of 25 and 234305?
5
Calculate the greatest common divisor of 700 and 40460.
140
What is the highest common factor of 21543 and 3569?
43
What is the greatest common divisor of 8 and 2322?
2
Calculate the greatest common divisor of 188 and 41454.
94
Calculate the greatest common factor of 15231 and 57.
3
Calculate the highest common divisor of 4500 and 342.
18
Calculate the greatest common factor of 326504 and 8.
8
Calculate the greatest common factor of 124 and 2209.
1
Calculate the highest common divisor of 9 and 44613.
9
What is the greatest common divisor of 26125 and 185?
5
What is the greatest common factor of 96 and 5000?
8
What is the greatest common divisor of 222760 and 110?
10
Calculate the highest common divisor of 21 and 2008293.
21
Calculate the highest common divisor of 35211 and 847.
121
What is the greatest common divisor of 46580 and 680?
340
Calculate the highest common divisor of 6 and 52532.
2
Calculate the greatest common divisor of 11 and 8112214.
11
Calculate the greatest common factor of 133815 and 5.
5
Calculate the highest common divisor of 112197 and 1341.
447
What is the highest common factor of 742 and 12402?
106
Calculate the greatest common factor of 6449 and 13.
1
What is the greatest common factor of 28776 and 264?
264
What is the highest common divisor of 4287 and 4?
1
What is the greatest common factor of 1013305 and 20?
5
What is the greatest common factor of 594 and 550?
22
Calculate the greatest common divisor of 273 and 57421.
91
Calculate the highest common divisor of 50668 and 59272.
956
What is the highest common divisor of 20898 and 14094?
486
What is the highest common divisor of 104 and 320528?
104
Calculate the greatest common factor of 608 and 54207.
19
Calculate the highest common divisor of 206 and 23381.
103
Calculate the highest common factor of 4613 and 245.
7
Calculate the highest common factor of 202522 and 436.
218
What is the highest common factor of 16976 and 16?
16
What is the highest common divisor of 265369 and 143?
13
What is the greatest common divisor of 210910 and 280?
70
What is the greatest common divisor of 4895 and 22?
11
What is the highest common divisor of 20856 and 1254?
66
Calculate the highest common factor of 87237 and 63.
9
What is the highest common divisor of 1344 and 9597?
21
What is the highest common factor of 2 and 1390280?
2
Calculate the greatest common divisor of 11571 and 1020243.
399
Calculate the greatest common factor of 34 and 932501.
17
Calculate the greatest common divisor of 132 and 2574.
66
What is the greatest common factor of 266 and 2622?
38
Calculate the highest common divisor of 13269 and 18.
3
What is the greatest common divisor of 84 and 216636?
84
Calculate the greatest common divisor of 294 and 24750.
6
What is the greatest common factor of 310 and 76790?
10
Calculate the greatest common factor of 22568 and 1274.
182
Calculate the highest common divisor of 7449 and 195.
39
Calculate the greatest common divisor of 460 and 19205.
115
Calculate the greatest common divisor of 2630 and 24196.
526
What is the greatest common factor of 550 and 75290?
10
Calculate the highest common factor of 13 and 181090.
13
What is the greatest common factor of 806 and 4264?
26
What is the highest common divisor of 233562 and 5976?
498
What is the greatest common divisor of 74880 and 56628?
468
What is the highest common factor of 3038 and 78306?
62
Calculate the highest common factor of 25419 and 888.
111
Calculate the greatest common factor of 216809 and 133.
19
What is the highest common divisor of 2648 and 872?
8
Calculate the highest common divisor of 36 and 122124.
12
Calculate the highest common divisor of 30 and 1719546.
6
Calculate the highest common divisor of 6886 and 49454.
626
What is the greatest common divisor of 2378 and 5213765?
1189
Calculate the greatest common factor of 1526734 and 638.
638
What is the greatest common factor of 250421 and 716?
179
Calculate the greatest common divisor of 742 and 5823216.
742
What is the greatest common factor of 27088 and 64?
16
What is the greatest common divisor of 1461997 and 2011?
2011
What is the highest common divisor of 40 and 26710?
10
What is the greatest common divisor of 14655 and 615?
15
What is the highest common factor of 155355 and 645?
15
Calculate the highest common divisor of 2904 and 192.
24
Calculate the greatest common factor of 388 and 440.
4
What is the highest common divisor of 93646 and 42?
14
Calculate the highest common factor of 162 and 502.
2
Calculate the highest common divisor of 441 and 50421.
147
Calculate the highest common factor of 8679 and 1111.
11
Calculate the highest common divisor of 40590 and 8646.
66
Calculate the highest common divisor of 44069 and 7287.
347
What is the highest common factor of 1034 and 462?
22
Calculate the greatest common factor of 3150 and 54720.
90
Calculate the highest common factor of 5600410 and 244.
122
Calculate the greatest common factor of 2324 and 1218.
14
What is the greatest common factor of 114831 and 729?
27
Calculate the greatest common factor of 12224 and 192.
64
Calculate the greatest common divisor of 1361115 and 63.
63
Calculate the highest common divisor of 71004 and 2196.
732
Calculate the highest common divisor of 87398 and 712.
178
What is the highest common factor of 33 and 720885?
33
What is the greatest common factor of 2760 and 9246?
138
Calculate the greatest common divisor of 2874 and 66.
6
Calculate the highest common divisor of 79 and 903365.
79
What is the greatest common factor of 13912 and 4847?
37
Calculate the greatest common factor of 373883 and 2183.
59
Calculate the highest common factor of 40 and 862520.
40
Calculate the highest common divisor of 684 and 24292.
4
What is the greatest common divisor of 625 and 4775?
25
What is the highest common divisor of 46 and 132158?
46
What is the highest common divisor of 1209168 and 24?
24
What is the highest common divisor of 417 and 62967?
417
What is the highest common factor of 27702 and 570?
114
What is the highest common factor of 230 and 101545?
115
What is the highest common factor of 141160 and 200?
40
Calculate the greatest common divisor of 80833 and 1.
1
What is the highest common factor of 1496 and 583?
11
What is the highest common factor of 3139739 and 41?
41
Calculate the greatest common factor of 130 and 8671.
13
What is the greatest common divisor of 24668 and 2884?
28
What is the highest common divisor of 188 and 93389?
47
Calculate the greatest common factor of 892 and 29.
1
What is the greatest common divisor of 521477 and 99?
11
What is the highest common divisor of 11537 and 1743?
83
What is the highest common divisor of 147120 and 480?
240
What is the highest common divisor of 226 and 3998?
2
Calculate the greatest common factor of 157341 and 895.
179
Calculate the greatest common divisor of 407623 and 106.
53
Calculate the greatest common factor of 3885 and 9583.
259
What is the greatest common factor of 5820 and 18?
6
Calculate the highest common factor of 18 and 128840.
2
Calculate the greatest common divisor of 1468 and 57619.
367
Calculate the greatest common divisor of 881244 and 14.
14
Calculate the greatest common factor of 272 and 1408.
16
Calculate the highest common divisor of 1027939 and 1309.
187
What is the greatest common factor of 99048 and 424?
8
What is the greatest common divisor of 22592 and 132022?
706
What is the highest common factor of 295 and 340784?
59
Calculate the greatest common divisor of 3020 and 303812.
604
What is the greatest common factor of 57076 and 228?
76
Calculate the greatest common divisor of 3141544 and 56.
56
Calculate the highest common divisor of 8827 and 962.
13
What is the greatest common factor of 113 and 12143206?
113
Calculate the greatest common factor of 124392 and 28116.
852
Calculate the greatest common factor of 35 and 220465.
35
What is the greatest common divisor of 1150 and 317630?
230
What is the highest common divisor of 1036 and 604856?
28
Wha